6
a189
What is 47d (base 14) in base 12?
627
29487 (base 11) to base 12
20268
-1365 (base 11) to base 7
-5101
-2361 (base 10) to base 15
-a76
Convert -4016 (base 8) to base 10.
-2062
Convert -1615 (base 7) to base 4.
-22021
Convert -10420 (base 6) to base 5.
-21302
Convert -3042 (base 5) to base 14.
-205
What is 488 (base 14) in base 3?
1020111
Convert 34b (base 14) to base 10.
655
Convert 254 (base 12) to base 13.
211
What is -16694 (base 10) in base 11?
-115a7
What is 1171 (base 15) in base 9?
5067
102313 (base 6) to base 2
10000010000101
Convert 1ac19 (base 13) to base 3.
2200010110
What is -12551 (base 6) in base 2?
-11110010011
-16 (base 9) to base 14
-11
160265 (base 7) to base 16
7a7e
Convert 1001101001001 (base 2) to base 15.
16e2
-10111100 (base 2) to base 13
-116
Convert 1345 (base 8) to base 5.
10431
-10133 (base 9) to base 7
-25311
709a (base 11) to base 15
2bd6
Convert ba42 (base 12) to base 16.
5012
1201112 (base 3) to base 14
65a
Convert 23031 (base 4) to base 14.
393
-10011111100101 (base 2) to base 7
-41530
-6203 (base 14) to base 13
-789b
Convert -12af (base 16) to base 7.
-16642
Convert -100112121 (base 3) to base 6.
-52111
Convert -33665 (base 7) to base 2.
-10000101111101
What is -10028 (base 9) in base 11?
-4a49
What is 1c17 (base 13) in base 3?
12211020
4033 (base 7) to base 15
631
Convert -1244 (base 10) to base 12.
-878
What is 221 (base 12) in base 5?
2223
-101000 (base 3) to base 9
-330
11606 (base 9) to base 16
1e66
Convert -6a4 (base 14) to base 9.
-1726
Convert 23164 (base 9) to base 13.
7054
What is 22022 (base 3) in base 15?
ee
What is -4149 (base 11) in base 13?
-266c
377 (base 13) to base 16
25d
114 (base 12) to base 7
316
What is 21121 (base 6) in base 10?
2857
What is -111021201 (base 3) in base 6?
-112501
-542 (base 9) to base 4
-12323
-2042 (base 9) to base 5
-21441
What is 3184 (base 9) in base 5?
33334
Convert 40012 (base 5) to base 4.
213023
Convert 4108 (base 16) to base 14.
60d2
Convert 12201 (base 3) to base 6.
414
10100010100 (base 2) to base 5
20200
Convert 3822 (base 12) to base 5.
200422
What is -292e (base 15) in base 6?
-104455
What is -20201223 (base 4) in base 13?
-12b85
What is -1652 (base 7) in base 16?
-2a2
Convert -1030112 (base 4) to base 3.
-20200222
Convert -2ed (base 16) to base 14.
-3b7
Convert -98b (base 13) to base 15.
-741
Convert -241 (base 10) to base 16.
-f1
What is 602 (base 8) in base 16?
182
-221323 (base 5) to base 11
-5882
Convert 111072 (base 8) to base 15.
b159
What is 3810 (base 12) in base 6?
45220
706 (base 10) to base 4
23002
179 (base 14) to base 12
213
Convert 115 (base 8) to base 7.
140
-4522 (base 6) to base 11
-882
What is -143202 (base 6) in base 4?
-3111302
1001103 (base 4) to base 10
4179
-356 (base 9) to base 15
-149
100100101101 (base 2) to base 10
2349
-235514 (base 7) to base 9
-64622
-324 (base 9) to base 11
-221
What is 32223 (base 5) in base 7?
6244
What is -5938 (base 14) in base 8?
-36256
Convert -1000440 (base 5) to base 6.
-200521
-40120 (base 7) to base 13
-4528
-99 (base 11) to base 14
-7a
-104262 (base 7) to base 10
-18321
Convert -21130321 (base 4) to base 5.
-2214323
What is 254 (base 14) in base 15?
211
What is -241 (base 15) in base 9?
-627
What is ca0 (base 15) in base 12?
1796
What is 122022112 (base 3) in base 14?
4859
What is 132303 (base 5) in base 15?
18a3
72a (base 14) to base 16
582
Convert 10553 (base 6) to base 12.
a59
What is 2112210 (base 3) in base 14?
969
fa4 (base 16) to base 11
3010
What is 1000010111010 (base 2) in base 14?
17bc
What is -20042 (base 6) in base 13?
-1265
What is 20415 (base 6) in base 4?
222323
What is -161 (base 16) in base 5?
-2403
What is 22799 (base 10) in base 13?
a4ba
What is -151063 (base 7) in base 5?
-1413300
What is 2441 (base 5) in base 15?
19b
-11103321 (base 4) to base 16
-54f9
Convert 111021212 (base 3) to base 2.
10010111011001
What is 62 (base 8) in base 14?
38
What is 35b (base 15) in base 3?
1001012
Convert -1069 (base 11) to base 6.
-10302
What is -257 (base 8) in base 12?
-127
Convert 11670 (base 10) to base 15.
36d0
Convert -2790 (base 12) to base 14.
-1948
183 (base 15) to base 9
426
What is -2432 (base 5) in base 6?
-1411
What is -110111000 (base 2) in base 4?
-12320
What is -115236 (base 7) in base 2?
-101001000111000
What is -1001100010100 (base 2) in base 5?
-124014
Convert 3322 (base 6) to base 13.
473
Convert 5a5 (base 12) to base 5.
11340
Convert -515 (base 12) to base 11.
-610
What is 45135 (base 6) in base 8?
14263
What is 18053 (base 9) in base 5?
344231
-23414 (base 11) to base 7
-200316
Convert 16d1 (base 15) to base 2.
1001100111001
Convert -1000 (base 2) to base 10.
-8
What is 220212 (base 4) in base 10?
2598
-120 (base 16) to base 14
-168
What is 10011322 (base 4) in base 9?
24884
1694 (base 14) to base 5
112200
Convert 517a (base 11) to base 9.
10365
What is 807b (base 12) in base 13?
6449
-34a8 (base 13) to base 6
-54141
-12101320 (base 4) to base 7
-134662
What is -1101001 (base 3) in base 11?
-82a
-1622 (base 8) to base 12
-642
What is 4441 (base 6) in base 12?
721
Convert 2820 (base 13) to base 14.
2164
What is 233011 (base 5) in base 12?
4b0a
-29ce (base 16) to base 8
-24716
Convert 259 (base 13) to base 10.
412
-111333 (base 5) to base 3
-12102222
Convert -1032043 (base 5) to base 2.
-100010101101101
Convert 7275 (base 9) to base 6.
40405
What is 104313 (base 5) in base 3?
12002100
Convert 90b4 (base 13) to base 15.
5d80
-160 (base 7) to base 9
-111
-7c8b (base 13) to base 5
-1030042
1348 (base 14) to base 9
4583
Convert a19 (base 12) to base 3.
2000010
-120221210 (base 3) to base 14
-434b
-2c4 (base 15) to base 13
-39a
Convert 2602 (base 8) to base 10.
1410
Convert 32 (base 16) to base 14.
38
What is -1100101011 (base 2) in base 16?
-32b
Convert 5b27 (base 12) to base 6.
115251
30420 (base 5) to base 3
2201112
Convert -5637 (base 14) to base 7.
-61400
Convert -220020 (base 4) to base 3.
-10112010
-10041 (base 9) to base 12
-399a
What is -255410 (base 6) in base 8?
-55336
What is 61540 (base 7) in base 13?
6ab7
1001100000101000 (base 2) to base 8
114050
-508 (base 11) to base 13
-382
33651 (base 7) to base 13
3b88
-120310 (base 4) to base 16
-634
-2715 (base 11) to base 12
-2059
Convert 1205244 (base 6) to base 14.
1915a
-980 (base 11) to base 3
-1121121
Convert 72 (base 16) to base 15.
79
Convert -20210 (base 4) to base 6.
-2312
Convert 13524 (base 6) to base 2.
100001011100
What is -202122 (base 3) in base 9?
-678
59d0 (base 16) to base 2
101100111010000
-1333 (base 4) to base 9
-151
What is 176 (base 11) in base 4?
3030
-1743 (base 8) to base 12
-6ab
cd (base 14) to base 2
10110101
-1768 (base 11) to base 7
-6365
What is 2336 (base 11) in base 8?
5770
-28ea (base 16) to base 11
-7962
What is 102011 (base 3) in base 12?
211
-10252 (base 6) to base 15
-635
Convert 2010 (base 6) to base 10.
438
What is -6453 (base 8) in base 13?
-16c4
d70 (base 14) to base 3
10122000
What is 13303 (base 4) in base 10?
499
What is 2300 (base 14) in base 2?
1011110111100
267 (base 13) to base 16
1a7
-123320 (base 4) to base 2
-11011111000
Convert -220002011 (base 3) to base 9.
-26064
What is -314 (base 10) in base 4?
-10322
Convert -12099 (base 14) to base 11.
-300a6
Convert 74 (base 16) to base 5.
431
What is 410340 (base 5) in base 10?
13220
659 (base 15) to base 12
9b6
Convert -40566 (base 9) to base 11.
-19081
What is 314344 (base 5) in base 3?
112112120
-993 (base 11) to base 8
-2247
What is -202121 (base 3) in base 13?
-33a
What is 384e (base 16) in base 14?
5378
Convert 2a76 (base 11) to base 5.
111310
What is -7477 (base 12) in base 10?
-12763
Convert 286 (base 13) to base 10.
448
Convert 3145 (base 13) to base 8.
15241
What is -4acd (base 14) in base 15?
-3d47
What is 3704 (base 9) in base 2?
101011000110
-1154 (base 10) to base 13
-6aa
What is -1100010100000010 (base 2) in base 12?
-2522a
1b0b (base 14) to base 13
230a
-2036 (base 12) to base 3
-11210120
Convert -722 (base 10) to base 3.
-222202
Convert -100 (base 12) to base 16.
-90
What is 873 (base 11) in base 8?
2030
-5a23 (base 11) to base 13
-378c
What is 2314 (base 10) in base 16?
90a
Convert -17705 (base 8) to base 9.
-12136
15005 (base 14) to base 2
1100101110101101
1642 (base 7) to base 13
3c4
What is -12463 (